{"id":273,"date":"2025-12-18T21:54:25","date_gmt":"2025-12-18T18:54:25","guid":{"rendered":"https:\/\/mostekelektronik.com\/?page_id=273"},"modified":"2025-12-18T21:54:25","modified_gmt":"2025-12-18T18:54:25","slug":"sikca-sorulan-sorular-sss","status":"publish","type":"page","link":"https:\/\/mostekelektronik.com\/index.php\/sikca-sorulan-sorular-sss\/","title":{"rendered":"SIK\u00c7A SORULAN SORULAR (SSS)"},"content":{"rendered":"\n<p class=\"has-black-color has-text-color has-link-color wp-elements-d4c08efb178177144150dcb2524f1576\"><strong>S: Makineler ne kadar elektrik t\u00fcketir?<\/strong> <\/p>\n\n\n\n<p class=\"has-black-color has-text-color has-link-color wp-elements-3b37ad6e3407fcf14590f7b63dded2e8\"><strong>C:<\/strong> Makinelerimiz yeni nesil enerji tasarruflu sistemlerle \u00fcretilmi\u015ftir. \u00d6rne\u011fin; standart bir oyun makinemiz bekleme modunda (standby) sadece <strong>36 Watt<\/strong>, oyun oynan\u0131rken maksimum performansta ise ortalama <strong>350 Watt<\/strong> enerji t\u00fcketir. Bu, standart bir ev aletinden farks\u0131zd\u0131r ve i\u015fletme maliyetinizi yormaz.<\/p>\n\n\n\n<p class=\"has-black-color has-text-color has-link-color wp-elements-5e28dd59c8b712a3056794472feda47d\"><strong>S: Nakliye ve kurulum kime aittir?<\/strong> <\/p>\n\n\n\n<p class=\"has-black-color has-text-color has-link-color wp-elements-a9afcca4e1a036d8e5cd1b5cd1e62a59\"><strong>C:<\/strong> \u00dcr\u00fcnlerimiz &#8220;Fabrika Teslim&#8221; olarak sat\u0131lmaktad\u0131r. Nakliye \u00fccreti al\u0131c\u0131ya aittir. Ancak Mostek Elektronik olarak, T\u00fcrkiye&#8217;nin her yerine anla\u015fmal\u0131 oldu\u011fumuz lojistik firmalar\u0131 ve ambarlarla en uygun fiyatl\u0131 g\u00f6nderimi sizin ad\u0131n\u0131za organize ediyoruz. Kurulum gerektirmeyen &#8220;Fi\u015fe tak &#8211; \u00c7al\u0131\u015ft\u0131r&#8221; sistemine sahiptirler.<\/p>\n\n\n\n<p class=\"has-black-color has-text-color has-link-color wp-elements-40011dc0bddd49f11abae65c3cfcd94f\"><strong>S: Makinelerin i\u00e7ine konulacak hediyeleri siz mi veriyorsunuz?<\/strong> <\/p>\n\n\n\n<p class=\"has-black-color has-text-color has-link-color wp-elements-8691b942e1ef94dbbf8c4924b4eb94a4\"><strong>C:<\/strong> Makine sat\u0131\u015f\u0131 bo\u015f olarak yap\u0131lmaktad\u0131r. \u0130\u00e7ine koyaca\u011f\u0131n\u0131z \u00fcr\u00fcnleri (pelu\u015f oyuncak, telefon, kaps\u00fcl vb.) diledi\u011finiz toptanc\u0131dan temin edebilirsiniz. Ancak do\u011fru \u00fcr\u00fcn se\u00e7imi ve tedarik\u00e7i \u00f6nerileri konusunda ekibimiz size \u00fccretsiz dan\u0131\u015fmanl\u0131k yapmaktad\u0131r.<\/p>\n\n\n\n<p class=\"has-black-color has-text-color has-link-color wp-elements-dab0e38b741cd9c5ec4ba60ddc05b5dd\"><strong>S: Makinenin zorluk derecesini ayarlayabilir miyim?<\/strong> <\/p>\n\n\n\n<p class=\"has-black-color has-text-color has-link-color wp-elements-e62fffc9b195c0f693c72085f8c4d661\"><strong>C:<\/strong> Evet. Kep\u00e7e makineleri, Makas Matik ve \u00c7ark\u0131felek gibi t\u00fcm \u00fcr\u00fcnlerimizde &#8220;Kazanma Oran\u0131&#8221; ayar\u0131 mevcuttur. \u0130\u015fletme stratejinize g\u00f6re makinenin ne s\u0131kl\u0131kla hediye verece\u011fini anakart \u00fczerinden kolayca ayarlayabilirsiniz.<\/p>\n\n\n\n<p class=\"has-black-color has-text-color has-link-color wp-elements-2770ea04d2a2cceadc7dab2effe08da1\"><strong>S: Markam\u0131za \u00f6zel giydirme (Branding) yap\u0131yor musunuz?<\/strong> <\/p>\n\n\n\n<p class=\"has-black-color has-text-color has-link-color wp-elements-99e867df0acdf5665b636636029e5719\"><strong>C:<\/strong> Kesinlikle. Kurumsal firmalar, AVM etkinlikleri veya zincir ma\u011fazalar i\u00e7in makinenin d\u0131\u015f tasar\u0131m\u0131n\u0131 logonuz ve kurumsal renklerinizle tamamen kaplayabiliyoruz.<\/p>\n\n\n\n<p><\/p>\n","protected":false},"excerpt":{"rendered":"<p>S: Makineler ne kadar elektrik t\u00fcketir? C: Makinelerimiz yeni nesil enerji tasarruflu sistemlerle \u00fcretilmi\u015ftir. \u00d6rne\u011fin; standart bir oyun makinemiz bekleme modunda (standby) sadece 36 Watt, oyun oynan\u0131rken maksimum performansta ise ortalama 350 Watt enerji t\u00fcketir. Bu, standart bir ev aletinden farks\u0131zd\u0131r ve i\u015fletme maliyetinizi yormaz. S: Nakliye ve kurulum kime aittir? C: \u00dcr\u00fcnlerimiz &#8220;Fabrika Teslim&#8221; [&hellip;]<\/p>\n","protected":false},"author":1,"featured_media":0,"parent":0,"menu_order":0,"comment_status":"closed","ping_status":"closed","template":"","meta":{"footnotes":""},"class_list":["post-273","page","type-page","status-publish","hentry"],"yoast_head":"<!-- This site is optimized with the Yoast SEO plugin v26.5 - https:\/\/yoast.com\/wordpress\/plugins\/seo\/ -->\n<title>SIK\u00c7A SORULAN SORULAR (SSS) - Mostek Elektronik<\/title>\n<meta name=\"robots\" content=\"index, follow, max-snippet:-1, max-image-preview:large, max-video-preview:-1\" \/>\n<link rel=\"canonical\" href=\"https:\/\/mostekelektronik.com\/index.php\/sikca-sorulan-sorular-sss\/\" \/>\n<meta property=\"og:locale\" content=\"tr_TR\" \/>\n<meta property=\"og:type\" content=\"article\" \/>\n<meta property=\"og:title\" content=\"SIK\u00c7A SORULAN SORULAR (SSS) - Mostek Elektronik\" \/>\n<meta property=\"og:description\" content=\"S: Makineler ne kadar elektrik t\u00fcketir? C: Makinelerimiz yeni nesil enerji tasarruflu sistemlerle \u00fcretilmi\u015ftir. \u00d6rne\u011fin; standart bir oyun makinemiz bekleme modunda (standby) sadece 36 Watt, oyun oynan\u0131rken maksimum performansta ise ortalama 350 Watt enerji t\u00fcketir. Bu, standart bir ev aletinden farks\u0131zd\u0131r ve i\u015fletme maliyetinizi yormaz. S: Nakliye ve kurulum kime aittir? C: \u00dcr\u00fcnlerimiz &#8220;Fabrika Teslim&#8221; [&hellip;]\" \/>\n<meta property=\"og:url\" content=\"https:\/\/mostekelektronik.com\/index.php\/sikca-sorulan-sorular-sss\/\" \/>\n<meta property=\"og:site_name\" content=\"Mostek Elektronik\" \/>\n<meta name=\"twitter:card\" content=\"summary_large_image\" \/>\n<meta name=\"twitter:label1\" content=\"Tahmini okuma s\u00fcresi\" \/>\n\t<meta name=\"twitter:data1\" content=\"2 dakika\" \/>\n<script type=\"application\/ld+json\" class=\"yoast-schema-graph\">{\"@context\":\"https:\/\/schema.org\",\"@graph\":[{\"@type\":\"WebPage\",\"@id\":\"https:\/\/mostekelektronik.com\/index.php\/sikca-sorulan-sorular-sss\/\",\"url\":\"https:\/\/mostekelektronik.com\/index.php\/sikca-sorulan-sorular-sss\/\",\"name\":\"SIK\u00c7A SORULAN SORULAR (SSS) - Mostek Elektronik\",\"isPartOf\":{\"@id\":\"https:\/\/mostekelektronik.com\/#website\"},\"datePublished\":\"2025-12-18T18:54:25+00:00\",\"breadcrumb\":{\"@id\":\"https:\/\/mostekelektronik.com\/index.php\/sikca-sorulan-sorular-sss\/#breadcrumb\"},\"inLanguage\":\"tr\",\"potentialAction\":[{\"@type\":\"ReadAction\",\"target\":[\"https:\/\/mostekelektronik.com\/index.php\/sikca-sorulan-sorular-sss\/\"]}]},{\"@type\":\"BreadcrumbList\",\"@id\":\"https:\/\/mostekelektronik.com\/index.php\/sikca-sorulan-sorular-sss\/#breadcrumb\",\"itemListElement\":[{\"@type\":\"ListItem\",\"position\":1,\"name\":\"Anasayfa\",\"item\":\"https:\/\/mostekelektronik.com\/\"},{\"@type\":\"ListItem\",\"position\":2,\"name\":\"SIK\u00c7A SORULAN SORULAR (SSS)\"}]},{\"@type\":\"WebSite\",\"@id\":\"https:\/\/mostekelektronik.com\/#website\",\"url\":\"https:\/\/mostekelektronik.com\/\",\"name\":\"Mostek Elektronik\",\"description\":\"Oyuncak Yakalama, Boks, Makas Matik, \u00c7arkmatik\",\"publisher\":{\"@id\":\"https:\/\/mostekelektronik.com\/#organization\"},\"potentialAction\":[{\"@type\":\"SearchAction\",\"target\":{\"@type\":\"EntryPoint\",\"urlTemplate\":\"https:\/\/mostekelektronik.com\/?s={search_term_string}\"},\"query-input\":{\"@type\":\"PropertyValueSpecification\",\"valueRequired\":true,\"valueName\":\"search_term_string\"}}],\"inLanguage\":\"tr\"},{\"@type\":\"Organization\",\"@id\":\"https:\/\/mostekelektronik.com\/#organization\",\"name\":\"Mostek Elektronik\",\"url\":\"https:\/\/mostekelektronik.com\/\",\"logo\":{\"@type\":\"ImageObject\",\"inLanguage\":\"tr\",\"@id\":\"https:\/\/mostekelektronik.com\/#\/schema\/logo\/image\/\",\"url\":\"https:\/\/mostekelektronik.com\/wp-content\/uploads\/2025\/04\/cropped-logo.png\",\"contentUrl\":\"https:\/\/mostekelektronik.com\/wp-content\/uploads\/2025\/04\/cropped-logo.png\",\"width\":172,\"height\":48,\"caption\":\"Mostek Elektronik\"},\"image\":{\"@id\":\"https:\/\/mostekelektronik.com\/#\/schema\/logo\/image\/\"}}]}<\/script>\n<!-- \/ Yoast SEO plugin. -->","yoast_head_json":{"title":"SIK\u00c7A SORULAN SORULAR (SSS) - Mostek Elektronik","robots":{"index":"index","follow":"follow","max-snippet":"max-snippet:-1","max-image-preview":"max-image-preview:large","max-video-preview":"max-video-preview:-1"},"canonical":"https:\/\/mostekelektronik.com\/index.php\/sikca-sorulan-sorular-sss\/","og_locale":"tr_TR","og_type":"article","og_title":"SIK\u00c7A SORULAN SORULAR (SSS) - Mostek Elektronik","og_description":"S: Makineler ne kadar elektrik t\u00fcketir? C: Makinelerimiz yeni nesil enerji tasarruflu sistemlerle \u00fcretilmi\u015ftir. \u00d6rne\u011fin; standart bir oyun makinemiz bekleme modunda (standby) sadece 36 Watt, oyun oynan\u0131rken maksimum performansta ise ortalama 350 Watt enerji t\u00fcketir. Bu, standart bir ev aletinden farks\u0131zd\u0131r ve i\u015fletme maliyetinizi yormaz. S: Nakliye ve kurulum kime aittir? C: \u00dcr\u00fcnlerimiz &#8220;Fabrika Teslim&#8221; [&hellip;]","og_url":"https:\/\/mostekelektronik.com\/index.php\/sikca-sorulan-sorular-sss\/","og_site_name":"Mostek Elektronik","twitter_card":"summary_large_image","twitter_misc":{"Tahmini okuma s\u00fcresi":"2 dakika"},"schema":{"@context":"https:\/\/schema.org","@graph":[{"@type":"WebPage","@id":"https:\/\/mostekelektronik.com\/index.php\/sikca-sorulan-sorular-sss\/","url":"https:\/\/mostekelektronik.com\/index.php\/sikca-sorulan-sorular-sss\/","name":"SIK\u00c7A SORULAN SORULAR (SSS) - Mostek Elektronik","isPartOf":{"@id":"https:\/\/mostekelektronik.com\/#website"},"datePublished":"2025-12-18T18:54:25+00:00","breadcrumb":{"@id":"https:\/\/mostekelektronik.com\/index.php\/sikca-sorulan-sorular-sss\/#breadcrumb"},"inLanguage":"tr","potentialAction":[{"@type":"ReadAction","target":["https:\/\/mostekelektronik.com\/index.php\/sikca-sorulan-sorular-sss\/"]}]},{"@type":"BreadcrumbList","@id":"https:\/\/mostekelektronik.com\/index.php\/sikca-sorulan-sorular-sss\/#breadcrumb","itemListElement":[{"@type":"ListItem","position":1,"name":"Anasayfa","item":"https:\/\/mostekelektronik.com\/"},{"@type":"ListItem","position":2,"name":"SIK\u00c7A SORULAN SORULAR (SSS)"}]},{"@type":"WebSite","@id":"https:\/\/mostekelektronik.com\/#website","url":"https:\/\/mostekelektronik.com\/","name":"Mostek Elektronik","description":"Oyuncak Yakalama, Boks, Makas Matik, \u00c7arkmatik","publisher":{"@id":"https:\/\/mostekelektronik.com\/#organization"},"potentialAction":[{"@type":"SearchAction","target":{"@type":"EntryPoint","urlTemplate":"https:\/\/mostekelektronik.com\/?s={search_term_string}"},"query-input":{"@type":"PropertyValueSpecification","valueRequired":true,"valueName":"search_term_string"}}],"inLanguage":"tr"},{"@type":"Organization","@id":"https:\/\/mostekelektronik.com\/#organization","name":"Mostek Elektronik","url":"https:\/\/mostekelektronik.com\/","logo":{"@type":"ImageObject","inLanguage":"tr","@id":"https:\/\/mostekelektronik.com\/#\/schema\/logo\/image\/","url":"https:\/\/mostekelektronik.com\/wp-content\/uploads\/2025\/04\/cropped-logo.png","contentUrl":"https:\/\/mostekelektronik.com\/wp-content\/uploads\/2025\/04\/cropped-logo.png","width":172,"height":48,"caption":"Mostek Elektronik"},"image":{"@id":"https:\/\/mostekelektronik.com\/#\/schema\/logo\/image\/"}}]}},"_links":{"self":[{"href":"https:\/\/mostekelektronik.com\/index.php\/wp-json\/wp\/v2\/pages\/273","targetHints":{"allow":["GET"]}}],"collection":[{"href":"https:\/\/mostekelektronik.com\/index.php\/wp-json\/wp\/v2\/pages"}],"about":[{"href":"https:\/\/mostekelektronik.com\/index.php\/wp-json\/wp\/v2\/types\/page"}],"author":[{"embeddable":true,"href":"https:\/\/mostekelektronik.com\/index.php\/wp-json\/wp\/v2\/users\/1"}],"replies":[{"embeddable":true,"href":"https:\/\/mostekelektronik.com\/index.php\/wp-json\/wp\/v2\/comments?post=273"}],"version-history":[{"count":1,"href":"https:\/\/mostekelektronik.com\/index.php\/wp-json\/wp\/v2\/pages\/273\/revisions"}],"predecessor-version":[{"id":274,"href":"https:\/\/mostekelektronik.com\/index.php\/wp-json\/wp\/v2\/pages\/273\/revisions\/274"}],"wp:attachment":[{"href":"https:\/\/mostekelektronik.com\/index.php\/wp-json\/wp\/v2\/media?parent=273"}],"curies":[{"name":"wp","href":"https:\/\/api.w.org\/{rel}","templated":true}]}}